[INFO] cloning repository https://github.com/jysh1214/algorithm_in_rust
[INFO] running `Command { std: "git" "-c" "credential.helper=" "-c" "credential.helper=/workspace/cargo-home/bin/git-credential-null" "clone" "--bare" "https://github.com/jysh1214/algorithm_in_rust" "/workspace/cache/git-repos/https%3A%2F%2Fgithub.com%2Fjysh1214%2Falgorithm_in_rust", kill_on_drop: false }`
[INFO] [stderr] Cloning into bare repository '/workspace/cache/git-repos/https%3A%2F%2Fgithub.com%2Fjysh1214%2Falgorithm_in_rust'...
[INFO] running `Command { std: "git" "rev-parse" "HEAD", kill_on_drop: false }`
[INFO] [stdout] 1682339cf6ed17b22ec439ac5eca659718f34aff
[INFO] checking jysh1214/algorithm_in_rust against master#cfbc6d4cf1acbac5c025acf8ed68929caa551df3 for pr-75494-beta
[INFO] running `Command { std: "git" "clone" "/workspace/cache/git-repos/https%3A%2F%2Fgithub.com%2Fjysh1214%2Falgorithm_in_rust" "/workspace/builds/worker-3/source", kill_on_drop: false }`
[INFO] [stderr] Cloning into '/workspace/builds/worker-3/source'...
[INFO] [stderr] done.
[INFO] validating manifest of git repo https://github.com/jysh1214/algorithm_in_rust on toolchain cfbc6d4cf1acbac5c025acf8ed68929caa551df3
[INFO] running `Command { std: "/workspace/cargo-home/bin/cargo" "+cfbc6d4cf1acbac5c025acf8ed68929caa551df3" "read-manifest" "--manifest-path" "Cargo.toml", kill_on_drop: false }`
[INFO] started tweaking git repo https://github.com/jysh1214/algorithm_in_rust
[INFO] removed path dependency algorithm from git repo https://github.com/jysh1214/algorithm_in_rust
[INFO] finished tweaking git repo https://github.com/jysh1214/algorithm_in_rust
[INFO] tweaked toml for git repo https://github.com/jysh1214/algorithm_in_rust written to /workspace/builds/worker-3/source/Cargo.toml
[INFO] crate git repo https://github.com/jysh1214/algorithm_in_rust already has a lockfile, it will not be regenerated
[INFO] running `Command { std: "/workspace/cargo-home/bin/cargo" "+cfbc6d4cf1acbac5c025acf8ed68929caa551df3" "fetch" "--locked" "--manifest-path" "Cargo.toml", kill_on_drop: false }`
[INFO] [stderr] warning: dependency (algorithm) specified without providing a local path, Git repository, or version to use. This will be considered an error in future versions
[INFO] [stderr]     Updating crates.io index
[INFO] [stderr] error: the lock file /workspace/builds/worker-3/source/Cargo.lock needs to be updated but --locked was passed to prevent this
[INFO] [stderr] If you want to try to generate the lock file without accessing the network, use the --offline flag.
[INFO] the lockfile is outdated, regenerating it
[INFO] running `Command { std: "/workspace/cargo-home/bin/cargo" "+cfbc6d4cf1acbac5c025acf8ed68929caa551df3" "generate-lockfile" "--manifest-path" "Cargo.toml" "-Zno-index-update", kill_on_drop: false }`
[INFO] running `Command { std: "/workspace/cargo-home/bin/cargo" "+cfbc6d4cf1acbac5c025acf8ed68929caa551df3" "fetch" "--locked" "--manifest-path" "Cargo.toml", kill_on_drop: false }`
[INFO] [stderr] warning: dependency (algorithm) specified without providing a local path, Git repository, or version to use. This will be considered an error in future versions
[INFO] [stderr]  Downloading crates ...
[INFO] [stderr]   Downloaded algorithm v0.0.0
[INFO] running `Command { std: "docker" "create" "-v" "/var/lib/crater-agent-workspace/builds/worker-3/target:/opt/rustwide/target:rw,Z" "-v" "/var/lib/crater-agent-workspace/builds/worker-3/source:/opt/rustwide/workdir:ro,Z" "-v" "/var/lib/crater-agent-workspace/cargo-home:/opt/rustwide/cargo-home:ro,Z" "-v" "/var/lib/crater-agent-workspace/rustup-home:/opt/rustwide/rustup-home:ro,Z" "-e" "SOURCE_DIR=/opt/rustwide/workdir" "-e" "CARGO_TARGET_DIR=/opt/rustwide/target" "-e" "CARGO_HOME=/opt/rustwide/cargo-home" "-e" "RUSTUP_HOME=/opt/rustwide/rustup-home" "-w" "/opt/rustwide/workdir" "-m" "1610612736" "--user" "0:0" "--network" "none" "rustops/crates-build-env@sha256:a636fd89d022f18117e1dc8fb37a0a009933cdbbe082814857f0e2024962d47c" "/opt/rustwide/cargo-home/bin/cargo" "+cfbc6d4cf1acbac5c025acf8ed68929caa551df3" "metadata" "--no-deps" "--format-version=1", kill_on_drop: false }`
[INFO] [stdout] 5a028a23653f446c3abbbc7087ef16c873d33cbc1a7225b8e248f0cf869cacdf
[INFO] [stderr] WARNING: Your kernel does not support swap limit capabilities or the cgroup is not mounted. Memory limited without swap.
[INFO] running `Command { std: "docker" "start" "-a" "5a028a23653f446c3abbbc7087ef16c873d33cbc1a7225b8e248f0cf869cacdf", kill_on_drop: false }`
[INFO] running `Command { std: "docker" "inspect" "5a028a23653f446c3abbbc7087ef16c873d33cbc1a7225b8e248f0cf869cacdf", kill_on_drop: false }`
[INFO] running `Command { std: "docker" "rm" "-f" "5a028a23653f446c3abbbc7087ef16c873d33cbc1a7225b8e248f0cf869cacdf", kill_on_drop: false }`
[INFO] [stdout] 5a028a23653f446c3abbbc7087ef16c873d33cbc1a7225b8e248f0cf869cacdf
[INFO] running `Command { std: "docker" "create" "-v" "/var/lib/crater-agent-workspace/builds/worker-3/target:/opt/rustwide/target:rw,Z" "-v" "/var/lib/crater-agent-workspace/builds/worker-3/source:/opt/rustwide/workdir:ro,Z" "-v" "/var/lib/crater-agent-workspace/cargo-home:/opt/rustwide/cargo-home:ro,Z" "-v" "/var/lib/crater-agent-workspace/rustup-home:/opt/rustwide/rustup-home:ro,Z" "-e" "SOURCE_DIR=/opt/rustwide/workdir" "-e" "CARGO_TARGET_DIR=/opt/rustwide/target" "-e" "CARGO_INCREMENTAL=0" "-e" "RUST_BACKTRACE=full" "-e" "RUSTFLAGS=--cap-lints=forbid" "-e" "CARGO_HOME=/opt/rustwide/cargo-home" "-e" "RUSTUP_HOME=/opt/rustwide/rustup-home" "-w" "/opt/rustwide/workdir" "-m" "1610612736" "--user" "0:0" "--network" "none" "rustops/crates-build-env@sha256:a636fd89d022f18117e1dc8fb37a0a009933cdbbe082814857f0e2024962d47c" "/opt/rustwide/cargo-home/bin/cargo" "+cfbc6d4cf1acbac5c025acf8ed68929caa551df3" "check" "--frozen" "--all" "--all-targets" "--message-format=json", kill_on_drop: false }`
[INFO] [stderr] WARNING: Your kernel does not support swap limit capabilities or the cgroup is not mounted. Memory limited without swap.
[INFO] [stdout] 61c378c977c077630c3107257f541c19012ba7b7ceb35b5eacfd3dd76e986762
[INFO] running `Command { std: "docker" "start" "-a" "61c378c977c077630c3107257f541c19012ba7b7ceb35b5eacfd3dd76e986762", kill_on_drop: false }`
[INFO] [stderr] warning: dependency (algorithm) specified without providing a local path, Git repository, or version to use. This will be considered an error in future versions
[INFO] [stderr]     Checking algorithm v0.0.0
[INFO] [stderr]     Checking algorithm_in_rust v0.1.0 (/opt/rustwide/workdir)
[INFO] [stdout] error[E0433]: failed to resolve: could not find `sorting` in `algorithm`
[INFO] [stdout]  --> tests/selection_sort_test.rs:6:16
[INFO] [stdout]   |
[INFO] [stdout] 6 |     algorithm::sorting::selection_sort::selection_sort(&mut a);
[INFO] [stdout]   |                ^^^^^^^ could not find `sorting` in `algorithm`
[INFO] [stdout] 
[INFO] [stdout] 
[INFO] [stdout] error[E0433]: failed to resolve: could not find `sorting` in `algorithm`
[INFO] [stdout]   --> tests/selection_sort_test.rs:13:16
[INFO] [stdout]    |
[INFO] [stdout] 13 |     algorithm::sorting::selection_sort::selection_sort(&mut a);
[INFO] [stdout]    |                ^^^^^^^ could not find `sorting` in `algorithm`
[INFO] [stdout] 
[INFO] [stdout] 
[INFO] [stdout] error[E0433]: failed to resolve: could not find `sorting` in `algorithm`
[INFO] [stdout]   --> tests/selection_sort_test.rs:20:16
[INFO] [stdout]    |
[INFO] [stdout] 20 |     algorithm::sorting::selection_sort::selection_sort(&mut a);
[INFO] [stdout]    |                ^^^^^^^ could not find `sorting` in `algorithm`
[INFO] [stdout] 
[INFO] [stdout] 
[INFO] [stdout] error[E0433]: failed to resolve: could not find `sorting` in `algorithm`
[INFO] [stdout]   --> tests/selection_sort_test.rs:27:16
[INFO] [stdout]    |
[INFO] [stdout] 27 |     algorithm::sorting::selection_sort::selection_sort(&mut a);
[INFO] [stdout]    |                ^^^^^^^ could not find `sorting` in `algorithm`
[INFO] [stdout] 
[INFO] [stdout] 
[INFO] [stdout] error[E0433]: failed to resolve: could not find `sorting` in `algorithm`
[INFO] [stdout]   --> tests/selection_sort_test.rs:35:16
[INFO] [stdout]    |
[INFO] [stdout] 35 |     algorithm::sorting::selection_sort::selection_sort(&mut a);
[INFO] [stdout]    |                ^^^^^^^ could not find `sorting` in `algorithm`
[INFO] [stdout] 
[INFO] [stdout] 
[INFO] [stdout] error: aborting due to 5 previous errors
[INFO] [stdout] 
[INFO] [stdout] 
[INFO] [stdout] For more information about this error, try `rustc --explain E0433`.
[INFO] [stdout] 
[INFO] [stderr] error: could not compile `algorithm_in_rust`.
[INFO] [stderr] 
[INFO] [stderr] To learn more, run the command again with --verbose.
[INFO] [stderr] warning: build failed, waiting for other jobs to finish...
[INFO] [stdout] error[E0433]: failed to resolve: could not find `sorting` in `algorithm`
[INFO] [stdout]  --> tests/bubble_sort_test.rs:6:16
[INFO] [stdout]   |
[INFO] [stdout] 6 |     algorithm::sorting::bubble_sort::bubble_sort(&mut a);
[INFO] [stdout]   |                ^^^^^^^ could not find `sorting` in `algorithm`
[INFO] [stdout] 
[INFO] [stdout] 
[INFO] [stdout] error[E0433]: failed to resolve: could not find `sorting` in `algorithm`
[INFO] [stdout]  --> tests/insertion_sort_test.rs:6:16
[INFO] [stdout]   |
[INFO] [stdout] 6 |     algorithm::sorting::insertion_sort::insertion_sort(&mut a);
[INFO] [stdout]   |                ^^^^^^^ could not find `sorting` in `algorithm`
[INFO] [stdout] 
[INFO] [stdout] 
[INFO] [stdout] error[E0433]: failed to resolve: could not find `sorting` in `algorithm`
[INFO] [stdout]   --> tests/bubble_sort_test.rs:13:16
[INFO] [stdout]    |
[INFO] [stdout] 13 |     algorithm::sorting::bubble_sort::bubble_sort(&mut a);
[INFO] [stdout]    |                ^^^^^^^ could not find `sorting` in `algorithm`
[INFO] [stdout] 
[INFO] [stdout] 
[INFO] [stdout] error[E0433]: failed to resolve: could not find `sorting` in `algorithm`
[INFO] [stdout]   --> tests/bubble_sort_test.rs:20:16
[INFO] [stdout]    |
[INFO] [stdout] 20 |     algorithm::sorting::bubble_sort::bubble_sort(&mut a);
[INFO] [stdout]    |                ^^^^^^^ could not find `sorting` in `algorithm`
[INFO] [stdout] 
[INFO] [stdout] 
[INFO] [stdout] error[E0433]: failed to resolve: could not find `sorting` in `algorithm`
[INFO] [stdout]   --> tests/bubble_sort_test.rs:27:16
[INFO] [stdout]    |
[INFO] [stdout] 27 |     algorithm::sorting::bubble_sort::bubble_sort(&mut a);
[INFO] [stdout]    |                ^^^^^^^ could not find `sorting` in `algorithm`
[INFO] [stdout] 
[INFO] [stdout] 
[INFO] [stdout] error[E0433]: failed to resolve: could not find `sorting` in `algorithm`
[INFO] [stdout]   --> tests/insertion_sort_test.rs:13:16
[INFO] [stdout]    |
[INFO] [stdout] 13 |     algorithm::sorting::insertion_sort::insertion_sort(&mut a);
[INFO] [stdout]    |                ^^^^^^^ could not find `sorting` in `algorithm`
[INFO] [stdout] 
[INFO] [stdout] 
[INFO] [stdout] error[E0433]: failed to resolve: could not find `sorting` in `algorithm`
[INFO] [stdout]   --> tests/insertion_sort_test.rs:20:16
[INFO] [stdout]    |
[INFO] [stdout] 20 |     algorithm::sorting::insertion_sort::insertion_sort(&mut a);
[INFO] [stdout]    |                ^^^^^^^ could not find `sorting` in `algorithm`
[INFO] [stdout] 
[INFO] [stdout] 
[INFO] [stdout] error[E0433]: failed to resolve: could not find `sorting` in `algorithm`
[INFO] [stdout]  --> tests/merge_sort_test.rs:6:16
[INFO] [stdout]   |
[INFO] [stdout] 6 |     algorithm::sorting::merge_sort::merge_sort(&mut a);
[INFO] [stdout]   |                ^^^^^^^ could not find `sorting` in `algorithm`
[INFO] [stdout] 
[INFO] [stdout] 
[INFO] [stdout] error[E0433]: failed to resolve: could not find `sorting` in `algorithm`
[INFO] [stdout]   --> tests/merge_sort_test.rs:13:16
[INFO] [stdout]    |
[INFO] [stdout] 13 |     algorithm::sorting::merge_sort::merge_sort(&mut a);
[INFO] [stdout]    |                ^^^^^^^ could not find `sorting` in `algorithm`
[INFO] [stdout] 
[INFO] [stdout] 
[INFO] [stdout] error[E0433]: failed to resolve: could not find `sorting` in `algorithm`
[INFO] [stdout]   --> tests/bubble_sort_test.rs:35:16
[INFO] [stdout]    |
[INFO] [stdout] 35 |     algorithm::sorting::bubble_sort::bubble_sort(&mut a);
[INFO] [stdout]    |                ^^^^^^^ could not find `sorting` in `algorithm`
[INFO] [stdout] 
[INFO] [stdout] 
[INFO] [stdout] error[E0433]: failed to resolve: could not find `sorting` in `algorithm`
[INFO] [stdout]   --> tests/insertion_sort_test.rs:27:16
[INFO] [stdout]    |
[INFO] [stdout] 27 |     algorithm::sorting::insertion_sort::insertion_sort(&mut a);
[INFO] [stdout]    |                ^^^^^^^ could not find `sorting` in `algorithm`
[INFO] [stdout] 
[INFO] [stdout] 
[INFO] [stdout] error[E0433]: failed to resolve: could not find `sorting` in `algorithm`
[INFO] [stdout]   --> tests/insertion_sort_test.rs:35:16
[INFO] [stdout]    |
[INFO] [stdout] 35 |     algorithm::sorting::insertion_sort::insertion_sort(&mut a);
[INFO] [stdout]    |                ^^^^^^^ could not find `sorting` in `algorithm`
[INFO] [stdout] 
[INFO] [stdout] 
[INFO] [stdout] error[E0433]: failed to resolve: could not find `sorting` in `algorithm`
[INFO] [stdout]   --> tests/merge_sort_test.rs:20:16
[INFO] [stdout]    |
[INFO] [stdout] 20 |     algorithm::sorting::merge_sort::merge_sort(&mut a);
[INFO] [stdout]    |                ^^^^^^^ could not find `sorting` in `algorithm`
[INFO] [stdout] 
[INFO] [stdout] 
[INFO] [stdout] error[E0433]: failed to resolve: could not find `sorting` in `algorithm`
[INFO] [stdout]   --> tests/merge_sort_test.rs:27:16
[INFO] [stdout]    |
[INFO] [stdout] 27 |     algorithm::sorting::merge_sort::merge_sort(&mut a);
[INFO] [stdout]    |                ^^^^^^^ could not find `sorting` in `algorithm`
[INFO] [stdout] 
[INFO] [stdout] 
[INFO] [stdout] error[E0433]: failed to resolve: could not find `sorting` in `algorithm`
[INFO] [stdout]   --> tests/merge_sort_test.rs:35:16
[INFO] [stdout]    |
[INFO] [stdout] 35 |     algorithm::sorting::merge_sort::merge_sort(&mut a);
[INFO] [stdout]    |                ^^^^^^^ could not find `sorting` in `algorithm`
[INFO] [stdout] 
[INFO] [stdout] 
[INFO] [stdout] error: aborting due to 5 previous errors
[INFO] [stdout] 
[INFO] [stdout] 
[INFO] [stdout] For more information about this error, try `rustc --explain E0433`.
[INFO] [stdout] 
[INFO] [stdout] error: aborting due to 5 previous errors
[INFO] [stdout] 
[INFO] [stdout] 
[INFO] [stdout] For more information about this error, try `rustc --explain E0433`.
[INFO] [stdout] 
[INFO] [stdout] error: aborting due to 5 previous errors
[INFO] [stdout] 
[INFO] [stdout] 
[INFO] [stdout] For more information about this error, try `rustc --explain E0433`.
[INFO] [stdout] 
[INFO] [stderr] error: build failed
[INFO] running `Command { std: "docker" "inspect" "61c378c977c077630c3107257f541c19012ba7b7ceb35b5eacfd3dd76e986762", kill_on_drop: false }`
[INFO] running `Command { std: "docker" "rm" "-f" "61c378c977c077630c3107257f541c19012ba7b7ceb35b5eacfd3dd76e986762", kill_on_drop: false }`
[INFO] [stdout] 61c378c977c077630c3107257f541c19012ba7b7ceb35b5eacfd3dd76e986762
